isor of 1125 and 1000?
125
What is the greatest common divisor of 3146 and 52?
26
Calculate the highest common factor of 65 and 46020.
65
Calculate the greatest common factor of 16 and 10.
2
Calculate the highest common divisor of 775 and 25.
25
Calculate the highest common divisor of 2 and 31.
1
What is the greatest common factor of 96 and 348?
12
What is the highest common divisor of 38 and 25669?
19
Calculate the highest common divisor of 13851 and 57.
57
What is the highest common factor of 640 and 560?
80
What is the greatest common factor of 93 and 961?
31
Calculate the greatest common divisor of 21242 and 52.
26
Calculate the greatest common divisor of 40 and 820.
20
Calculate the greatest common divisor of 399 and 42.
21
What is the highest common divisor of 15 and 215?
5
What is the highest common divisor of 253 and 11?
11
What is the highest common factor of 55 and 385?
55
Calculate the greatest common factor of 10 and 2290.
10
What is the greatest common factor of 2016 and 21?
21
Calculate the highest common divisor of 2745 and 1281.
183
What is the greatest common factor of 105 and 75?
15
What is the highest common factor of 26967 and 267?
267
What is the greatest common divisor of 130 and 442?
26
Calculate the highest common divisor of 1472 and 64.
64
Calculate the greatest common divisor of 30 and 174.
6
What is the highest common factor of 14 and 721?
7
Calculate the greatest common divisor of 646 and 3264.
34
What is the greatest common divisor of 46 and 138?
46
Calculate the greatest common factor of 806 and 26.
26
Calculate the greatest common divisor of 85 and 2.
1
Calculate the greatest common factor of 4228 and 112.
28
Calculate the greatest common divisor of 198 and 54.
18
What is the greatest common factor of 69 and 723?
3
What is the greatest common factor of 4 and 32?
4
Calculate the greatest common factor of 690 and 1932.
138
What is the greatest common divisor of 10 and 530?
10
Calculate the greatest common divisor of 71 and 2627.
71
Calculate the highest common divisor of 7 and 189.
7
What is the greatest common factor of 22090 and 10?
10
What is the greatest common divisor of 168 and 84?
84
What is the greatest common factor of 120 and 550?
10
What is the highest common factor of 135 and 2?
1
Calculate the highest common factor of 264 and 825.
33
Calculate the highest common divisor of 279 and 31.
31
What is the greatest common divisor of 34 and 1666?
34
What is the greatest common divisor of 26 and 195?
13
Calculate the greatest common divisor of 245 and 70.
35
Calculate the greatest common factor of 15 and 3645.
15
What is the greatest common divisor of 190 and 1900?
190
Calculate the highest common factor of 8 and 2224.
8
Calculate the greatest common divisor of 78 and 312.
78
What is the greatest common divisor of 405 and 207?
9
Calculate the highest common factor of 30 and 10995.
15
Calculate the highest common factor of 1978 and 86.
86
Calculate the greatest common divisor of 40 and 35.
5
Calculate the greatest common divisor of 623 and 7.
7
What is the greatest common divisor of 1168 and 73?
73
What is the greatest common divisor of 180 and 2?
2
What is the greatest common factor of 266 and 154?
14
Calculate the highest common divisor of 39 and 897.
39
What is the highest common divisor of 567 and 486?
81
What is the greatest common divisor of 69 and 1725?
69
Calculate the highest common factor of 102 and 51.
51
Calculate the highest common factor of 12 and 192.
12
What is the highest common divisor of 15 and 20?
5
Calculate the greatest common divisor of 4869 and 27.
9
Calculate the highest common divisor of 61824 and 92.
92
Calculate the highest common factor of 48 and 1608.
24
What is the highest common factor of 440 and 22?
22
Calculate the greatest common divisor of 14 and 574.
14
Calculate the greatest common divisor of 615 and 120.
15
Calculate the highest common factor of 331 and 1.
1
Calculate the greatest common factor of 28 and 308.
28
Calculate the greatest common divisor of 882 and 6678.
126
What is the highest common factor of 4 and 1236?
4
What is the highest common divisor of 504 and 2184?
168
What is the highest common divisor of 630 and 12?
6
What is the highest common factor of 341 and 44?
11
What is the greatest common divisor of 48 and 24?
24
Calculate the greatest common divisor of 855 and 190.
95
Calculate the highest common factor of 244 and 305.
61
What is the greatest common factor of 1469 and 339?
113
What is the greatest common factor of 2430 and 45?
45
What is the greatest common factor of 2380 and 420?
140
Calculate the highest common divisor of 23 and 529.
23
What is the highest common divisor of 63 and 3087?
63
Calculate the highest common divisor of 346 and 2.
2
Calculate the greatest common divisor of 595 and 170.
85
Calculate the greatest common factor of 2596 and 176.
44
Calculate the greatest common factor of 161 and 77.
7
What is the highest common divisor of 3768 and 48?
24
Calculate the highest common factor of 9768 and 792.
264
What is the greatest common divisor of 84 and 21?
21
Calculate the greatest common divisor of 13 and 10907.
13
What is the greatest common divisor of 158 and 50?
2
Calculate the highest common divisor of 17181 and 207.
207
What is the greatest common divisor of 52 and 14989?
13
Calculate the greatest common divisor of 77 and 1463.
77
Calculate the highest common divisor of 3334 and 8.
2
Calculate the greatest common factor of 1712 and 16.
16
Calculate the greatest common divisor of 1 and 241.
1
What is the greatest common factor of 1550 and 80?
10
Calculate the highest common divisor of 79 and 1185.
79
Calculate the greatest common divisor of 41 and 14063.
41
Calculate the greatest common factor of 169 and 26.
13
What is the greatest common divisor of 255 and 8585?
85
What is the greatest common divisor of 264 and 96?
24
Calculate the highest common divisor of 3876 and 2964.
228
Calculate the highest common divisor of 85 and 119.
17
Calculate the highest common divisor of 119 and 136.
17
What is the greatest common factor of 61 and 14823?
61
What is the greatest common divisor of 712 and 48?
8
What is the greatest common divisor of 27 and 108?
27
What is the greatest common factor of 632 and 4266?
158
What is the greatest common divisor of 18 and 21123?
9
Calculate the highest common divisor of 513 and 18.
9
Calculate the greatest common factor of 176 and 385.
11
What is the greatest common divisor of 663 and 153?
51
Calculate the greatest common factor of 104 and 16.
8
Calculate the highest common factor of 1315 and 5.
5
Calculate the highest common factor of 200 and 450.
50
Calculate the greatest common divisor of 561 and 3179.
187
What is the highest common factor of 698 and 1?
1
Calculate the highest common divisor of 98 and 23863.
49
What is the greatest common divisor of 32 and 16?
16
Calculate the greatest common divisor of 3360 and 42.
42
What is the greatest common divisor of 17496 and 27?
27
Calculate the highest common divisor of 42 and 140.
14
Calculate the greatest common factor of 41300 and 100.
100
What is the highest common factor of 265 and 53?
53
Calculate the greatest common divisor of 69 and 41331.
69
What is the greatest common divisor of 527 and 31?
31
Calculate the highest common divisor of 25 and 35.
5
What is the greatest common factor of 15 and 195?
15
What is the highest common factor of 57 and 15?
3
What is the greatest common divisor of 1378 and 265?
53
What is the highest common factor of 100 and 445?
5
Calculate the greatest common factor of 17 and 17.
17
Calculate the highest common factor of 60563 and 71.
71
Calculate the greatest common divisor of 682 and 528.
22
What is the highest common divisor of 22 and 3718?
22
Calculate the highest common divisor of 11 and 1507.
11
Calculate the highest common divisor of 552 and 48.
24
Calculate the highest common divisor of 3 and 39.
3
What is the highest common divisor of 12002 and 34?
34
Calculate the highest common divisor of 108 and 192.
12
What is the greatest common divisor of 129 and 387?
129
Calculate the greatest common divisor of 46 and 2139.
23
What is the highest common divisor of 82846 and 46?
46
What is the greatest common divisor of 8 and 156?
4
What 